{"id":3499,"date":"2021-03-13T05:51:31","date_gmt":"2021-03-13T05:51:31","guid":{"rendered":"https:\/\/ekitek.es\/nosaltres\/"},"modified":"2023-02-08T12:17:56","modified_gmt":"2023-02-08T12:17:56","slug":"nosotros","status":"publish","type":"page","link":"https:\/\/www.ekitek.es\/es\/nosotros\/","title":{"rendered":"Nosotros"},"content":{"rendered":"\t\t<div data-elementor-type=\"wp-page\" data-elementor-id=\"3499\" class=\"elementor elementor-3499 elementor-68\" data-elementor-post-type=\"page\">\n\t\t\t\t\t\t<section class=\"elementor-section elementor-top-section elementor-element elementor-element-2ad7aca elementor-section-boxed elementor-section-height-default elementor-section-height-default\" data-id=\"2ad7aca\" data-element_type=\"section\" data-settings=\"{&quot;background_background&quot;:&quot;classic&quot;}\">\n\t\t\t\t\t\t<div class=\"elementor-container elementor-column-gap-default\">\n\t\t\t\t\t<div class=\"elementor-column elementor-col-100 elementor-top-column elementor-element elementor-element-f0d3787\" data-id=\"f0d3787\" data-element_type=\"column\">\n\t\t\t<div class=\"elementor-widget-wrap elementor-element-populated\">\n\t\t\t\t\t\t<section class=\"elementor-section elementor-inner-section elementor-element elementor-element-5b1c735 elementor-section-boxed elementor-section-height-default elementor-section-height-default\" data-id=\"5b1c735\" data-element_type=\"section\">\n\t\t\t\t\t\t<div class=\"elementor-container elementor-column-gap-default\">\n\t\t\t\t\t<div class=\"elementor-column elementor-col-100 elementor-inner-column elementor-element elementor-element-7bde1bc\" data-id=\"7bde1bc\" data-element_type=\"column\">\n\t\t\t<div class=\"elementor-widget-wrap elementor-element-populated\">\n\t\t\t\t\t\t<div class=\"elementor-element elementor-element-b43b874 elementor-widget elementor-widget-text-editor\" data-id=\"b43b874\" data-element_type=\"widget\" data-widget_type=\"text-editor.default\">\n\t\t\t\t<div class=\"elementor-widget-container\">\n\t\t\t\t\t\t\t<h4>EKITEK , una empresa comprometida con sus actuales y futuros clientes<\/h4>\t\t\t\t\t\t<\/div>\n\t\t\t\t<\/div>\n\t\t\t\t<div class=\"elementor-element elementor-element-5b1ace3 elementor-widget elementor-widget-text-editor\" data-id=\"5b1ace3\" data-element_type=\"widget\" data-widget_type=\"text-editor.default\">\n\t\t\t\t<div class=\"elementor-widget-container\">\n\t\t\t\t\t\t\t<p>Con una larga trayectoria dentro del mundo de las artes gr\u00e1ficas y el dise\u00f1o surgi\u00f3 la idea de aplicar nuestros conocimientos y experiencia gr\u00e1fica al sector textil y promocional para poder ofrecer equipamiento t\u00e9cnico y corporativo a empresas, clubs, asociaciones y todo tipo de entidades que quieran dar visibilidad a su actividad y promocionar su imagen.<\/p>\t\t\t\t\t\t<\/div>\n\t\t\t\t<\/div>\n\t\t\t\t<div class=\"elementor-element elementor-element-39d3538 elementor-widget elementor-widget-text-editor\" data-id=\"39d3538\" data-element_type=\"widget\" data-widget_type=\"text-editor.default\">\n\t\t\t\t<div class=\"elementor-widget-container\">\n\t\t\t\t\t\t\t<p>Siempre ofreciendo los materiales y los art\u00edculos m\u00e1s adecuados a su actividad profesional o de ocio, personalizando su vestuario o promoci\u00f3n y complementos de una forma adecuada y elegante.<\/p>\t\t\t\t\t\t<\/div>\n\t\t\t\t<\/div>\n\t\t\t\t<div class=\"elementor-element elementor-element-2170a78 elementor-widget elementor-widget-text-editor\" data-id=\"2170a78\" data-element_type=\"widget\" data-widget_type=\"text-editor.default\">\n\t\t\t\t<div class=\"elementor-widget-container\">\n\t\t\t\t\t\t\t<p>Cu\u00e9ntanos cu\u00e1les son tus necesidades y te proponemos vestuario laboral-corporativo-t\u00e9cnico y los complementos de merchandising para dar imagen a tu marca&#8230;<\/p>\t\t\t\t\t\t<\/div>\n\t\t\t\t<\/div>\n\t\t\t\t\t<\/div>\n\t\t<\/div>\n\t\t\t\t\t<\/div>\n\t\t<\/section>\n\t\t\t\t\t<\/div>\n\t\t<\/div>\n\t\t\t\t\t<\/div>\n\t\t<\/section>\n\t\t\t\t<\/div>\n\t\t","protected":false},"excerpt":{"rendered":"<p>EKITEK , una empresa comprometida con sus actuales y futuros clientes Con una larga trayectoria dentro del mundo de las artes gr\u00e1ficas y el dise\u00f1o surgi\u00f3 la idea de aplicar nuestros conocimientos y experiencia gr\u00e1fica al sector textil y promocional para poder ofrecer equipamiento t\u00e9cnico y corporativo a empresas, clubs, asociaciones y todo tipo de [&hellip;]<\/p>\n","protected":false},"author":1,"featured_media":5827,"parent":0,"menu_order":6,"comment_status":"closed","ping_status":"closed","template":"elementor_header_footer","meta":{"_acf_changed":false,"_sitemap_exclude":false,"_sitemap_priority":"","_sitemap_frequency":"","footnotes":""},"class_list":["post-3499","page","type-page","status-publish","has-post-thumbnail","hentry"],"acf":[],"_links":{"self":[{"href":"https:\/\/www.ekitek.es\/es\/wp-json\/wp\/v2\/pages\/3499","targetHints":{"allow":["GET"]}}],"collection":[{"href":"https:\/\/www.ekitek.es\/es\/wp-json\/wp\/v2\/pages"}],"about":[{"href":"https:\/\/www.ekitek.es\/es\/wp-json\/wp\/v2\/types\/page"}],"author":[{"embeddable":true,"href":"https:\/\/www.ekitek.es\/es\/wp-json\/wp\/v2\/users\/1"}],"replies":[{"embeddable":true,"href":"https:\/\/www.ekitek.es\/es\/wp-json\/wp\/v2\/comments?post=3499"}],"version-history":[{"count":0,"href":"https:\/\/www.ekitek.es\/es\/wp-json\/wp\/v2\/pages\/3499\/revisions"}],"wp:featuredmedia":[{"embeddable":true,"href":"https:\/\/www.ekitek.es\/es\/wp-json\/wp\/v2\/media\/5827"}],"wp:attachment":[{"href":"https:\/\/www.ekitek.es\/es\/wp-json\/wp\/v2\/media?parent=3499"}],"curies":[{"name":"wp","href":"https:\/\/api.w.org\/{rel}","templated":true}]}}

<div data-elementor-type="wp-page" data-elementor-id="3499" class="elementor elementor-3499 elementor-68" data-elementor-post-type="page">
						<section class="elementor-section elementor-top-section elementor-element elementor-element-2ad7aca elementor-section-boxed elementor-section-height-default elementor-section-height-default" data-id="2ad7aca" data-element_type="section" data-settings="{&quot;background_background&quot;:&quot;classic&quot;}">
						<div class="elementor-container elementor-column-gap-default">
					<div class="elementor-column elementor-col-100 elementor-top-column elementor-element elementor-element-f0d3787" data-id="f0d3787" data-element_type="column">
			<div class="elementor-widget-wrap elementor-element-populated">
						<section class="elementor-section elementor-inner-section elementor-element elementor-element-5b1c735 elementor-section-boxed elementor-section-height-default elementor-section-height-default" data-id="5b1c735" data-element_type="section">
						<div class="elementor-container elementor-column-gap-default">
					<div class="elementor-column elementor-col-100 elementor-inner-column elementor-element elementor-element-7bde1bc" data-id="7bde1bc" data-element_type="column">
			<div class="elementor-widget-wrap elementor-element-populated">
						<div class="elementor-element elementor-element-b43b874 elementor-widget elementor-widget-text-editor" data-id="b43b874" data-element_type="widget" data-widget_type="text-editor.default">
				<div class="elementor-widget-container">
							<h4>EKITEK , una empresa comprometida con sus actuales y futuros clientes</h4>						</div>
				</div>
				<div class="elementor-element elementor-element-5b1ace3 elementor-widget elementor-widget-text-editor" data-id="5b1ace3" data-element_type="widget" data-widget_type="text-editor.default">
				<div class="elementor-widget-container">
							<p>Con una larga trayectoria dentro del mundo de las artes gráficas y el diseño surgió la idea de aplicar nuestros conocimientos y experiencia gráfica al sector textil y promocional para poder ofrecer equipamiento técnico y corporativo a empresas, clubs, asociaciones y todo tipo de entidades que quieran dar visibilidad a su actividad y promocionar su imagen.</p>						</div>
				</div>
				<div class="elementor-element elementor-element-39d3538 elementor-widget elementor-widget-text-editor" data-id="39d3538" data-element_type="widget" data-widget_type="text-editor.default">
				<div class="elementor-widget-container">
							<p>Siempre ofreciendo los materiales y los artículos más adecuados a su actividad profesional o de ocio, personalizando su vestuario o promoción y complementos de una forma adecuada y elegante.</p>						</div>
				</div>
				<div class="elementor-element elementor-element-2170a78 elementor-widget elementor-widget-text-editor" data-id="2170a78" data-element_type="widget" data-widget_type="text-editor.default">
				<div class="elementor-widget-container">
							<p>Cuéntanos cuáles son tus necesidades y te proponemos vestuario laboral-corporativo-técnico y los complementos de merchandising para dar imagen a tu marca&#8230;</p>						</div>
				</div>
					</div>
		</div>
					</div>
		</section>
					</div>
		</div>
					</div>
		</section>
				</div>

<p>EKITEK , una empresa comprometida con sus actuales y futuros clientes Con una larga trayectoria dentro del mundo de las artes gráficas y el diseño surgió la idea de aplicar nuestros conocimientos y experiencia gráfica al sector textil y promocional para poder ofrecer equipamiento técnico y corporativo a empresas, clubs, asociaciones y todo tipo de [&hellip;]</p>
